of a and x?
8
Suppose 2*w + 27 = d, 2*w = -125 + 123. Suppose -5*n = d, -9*b - 4*n - 350 = -14*b. What is the highest common factor of 132 and b?
66
Suppose -12*l = -29*l + 3672. Suppose -10 + 3 = k. Let h be 1 + -2 - 196/k. Calculate the greatest common factor of h and l.
27
Suppose 564 = 24*k - 73 - 371. Calculate the greatest common factor of k and 8799.
21
Suppose -4*s + 9632 = -66*m + 64*m, -4*s - 4*m = -9644. What is the greatest common factor of 146 and s?
73
Suppose 5*v - 2 = -f, 0*v = -5*f - v + 58. Let c = f - -12. Let w(l) = -2*l**3 + l**2 + l - 2. Let h be w(-2). What is the greatest common divisor of h and c?
8
Suppose -4*b = -3*c - 267627, -146*b = -144*b - 3*c - 133827. What is the greatest common factor of b and 30?
30
Let s = -21420 + 22154. Calculate the highest common factor of 1 and s.
1
Suppose 2*a + 4*y - 16325 = -4489, 17*y = -34. Calculate the highest common divisor of 376 and a.
94
Suppose 24 = 8*r - 2*r. Let s = 81 - 78. Suppose -5*g - s = c - 683, r*g - 555 = -3*c. Calculate the greatest common divisor of g and 27.
27
Suppose -597 - 1920 = 2*k - 5*u, -5*k + u = 6235. Let l be (2 + (-198)/55)/(2/35). Let d be 1 + (-3)/2 + k/l. What is the greatest common divisor of d and 22?
22
Let m = -3969 - -4321. Calculate the highest common factor of 320 and m.
32
Let r(s) = -5*s**3 - 28*s**2 + 7*s - 2. Let i be r(-7). What is the greatest common factor of 4 and i?
4
Let o be 342 - 10*4/(-40). Calculate the greatest common divisor of 5831 and o.
343
Suppose -2*m + 391 = 1159. Let w = m + 624. What is the highest common divisor of 20 and w?
20
Suppose -4*q - 10 = -90. Suppose 20*j - 399 = -79. Calculate the greatest common divisor of q and j.
4
Suppose -2*h = 5*p - 113664, 33*p - 4*h = 35*p - 45456. Calculate the highest common factor of 54 and p.
54
Suppose 7*p - 2*z + 84 = 8*p, 341 = 4*p + 3*z. Let d = p + -83. What is the highest common divisor of 3 and d?
3
Suppose 0 = 11*y + 22. Let c(a) = 29*a**2 + 4*a + 4. Let f be c(y). What is the highest common factor of 7 and f?
7
Let m(x) = -2*x**2 - 45*x + 13. Let t be m(-22). Let l be (t/(-10) - -5)/((-3)/(-52)). What is the greatest common divisor of l and 182?
26
Suppose 3*f = -4*v + 3682, 3*f = 194*v - 197*v + 3678. Calculate the highest common factor of f and 423.
47
Let k be -1*0*(2 - (-10)/(-4)). Suppose -8*a + 9*a - 5 = k. Suppose 0*d - 25 = -a*d. Calculate the highest common divisor of d and 2.
1
Let f = -15086 + 15238. Let n be (-1)/(-2) - (-37)/2. What is the highest common divisor of n and f?
19
Let g = -271 + 471. Let o = -170 + g. What is the greatest common factor of o and 330?
30
Let v = 248 + -68. Let w be 114/209 + (-49)/(-11). Suppose w*u - 99 = t, -58 - 18 = -4*u + 4*t. Calculate the highest common divisor of v and u.
20
Let b be 1/3*12462/31. Suppose 0 = -4*o - 3*v + b, o - 2*o = 3*v - 38. What is the highest common divisor of 32 and o?
32
Let y be (-32)/144 - (-550)/45. Suppose -2*p - 2 + 38 = 0. What is the highest common divisor of y and p?
6
Suppose 7*z - 4*z - 3 = 0. Suppose -b = -y + z, -2*b = y - 5*y + 10. Let n be (-4)/(-22) - 260/(-22). Calculate the greatest common factor of y and n.
4
Let h be 630/135*144/7. Calculate the highest common factor of h and 8128.
32
Suppose -7*x - 1123 = -12*x - 4*m, m + 890 = 4*x. Suppose x*q = 211*q + 288. Suppose b = -b + 144. What is the greatest common divisor of q and b?
24
Suppose 73 = 7*s - 466. Suppose -13*i + 805 = s. What is the greatest common divisor of i and 16?
8
Let x(v) = 17*v + 8. Let l be x(0). Suppose 4*k = -4*m + 60, 4*m + 6 = 5*k - 24. Let b = l + k. Calculate the highest common divisor of 6 and b.
6
Let h = 3 - 1. Let s(d) be the third derivative of d**5/60 - d**4/6 + d**3 - 60*d**2. Let t be s(h). Calculate the highest common divisor of t and 5.
1
Suppose 3*j = 5*t - 398, -5*t + 8*j = 13*j - 430. Suppose -4*h + t = 2*z + z, -3*h - z = -64. Calculate the highest common divisor of 66 and h.
22
Let j = 40 + -9. Let h = -1006 - -1285. What is the greatest common divisor of j and h?
31
Let x be 477/7 + (3 - 44/14). Let j = 61 - x. Let q be 3/(-1) - (j - 0). What is the greatest common divisor of 44 and q?
4
Let d(l) = 37*l**3 + 2*l**2 + 67*l - 144. Let n be d(2). What is the greatest common divisor of 36 and n?
6
Let j(d) = 51*d + 3549. Let i be j(-11). Calculate the highest common factor of i and 45.
9
Suppose -2*x = -2*a + 2*x + 10, 40 = 4*a - 3*x. Suppose n + 1248 = a*n. Calculate the greatest common factor of 13 and n.
13
Suppose -5*y = 35 - 25. Let c be y + 7 + -2 + -3 + 18. Let b(o) = -o**2 + 9*o - 5. Let f be b(7). What is the highest common factor of f and c?
9
Suppose -5*x - 16 = -7*x. Let t be ((-35)/(-5))/(2 + (-18)/x). Let c be ((-12)/(-3 + 1))/((-4)/t). Calculate the greatest common factor of c and 63.
21
Suppose -4*x = -s - 11, 0*x + 3*s = 2*x - 13. Suppose -2*d + 2 = 0, x*c + 55 = 4*c - 5*d. What is the highest common divisor of 6 and c?
6
Let c = 952 - 501. Let f = c + -55. What is the highest common factor of 36 and f?
36
Suppose 9870 = 134*u - 54*u - 9730. What is the greatest common factor of u and 1855?
35
Let f = -94 - -52. Let a be (f/15)/((-3)/15). Suppose -54 = i - 124. What is the highest common factor of a and i?
14
Let k(j) = 3*j**3 - 8*j**2 + 66*j - 269. Let n be k(4). What is the highest common factor of n and 2?
1
Suppose -44*s - 149778 = -62*s. Calculate the highest common divisor of s and 157.
157
Let u(i) = 122*i - 2. Let k be u(2). Let b(a) = 5*a - 6*a - 4*a + 12. Let y be b(-2). Calculate the greatest common divisor of y and k.
22
Suppose 3*o = 2*y - 126, 5*y + 3*o - 158 = 136. Suppose -24*q - k - 234 = -25*q, -3*q = -2*k - 708. Calculate the highest common factor of q and y.
60
Let x(z) = 2*z**2 - 2*z + 2. Let d be x(1). Let w be (4 - 1 - 4/d)*9. What is the highest common divisor of 729 and w?
9
Suppose 42 = -19*m + 40*m. Suppose m*u - 52 = -4*c, 0 = -6*c + 9*c - 15. Calculate the greatest common divisor of u and 4.
4
Suppose -36*i + 33*i - 87 = -4*c, 0 = -5*c + 3*i + 108. What is the highest common factor of c and 105?
21
Let m be 63 + -20 + 4 + 30. What is the highest common factor of 176 and m?
11
Let d = 275 - 261. Suppose o = -5*z + 15, -4*o + 4*z - d = -50. What is the greatest common factor of o and 20?
10
Suppose 0 = -51*o + 43*o - 7064. Let z = -491 - o. Let b(h) = -h**3 - 4*h**2 + 5*h + 7. Let y be b(-6). What is the highest common divisor of z and y?
49
Suppose a + 3 - 41 = 4*k, -k = 0. Suppose 42*b - a*b = 12. Suppose -4*q = -2*u - 112, -5*q + 0*u - b*u + 162 = 0. What is the highest common factor of 20 and q?
10
Let n = 10155 + -10043. What is the greatest common divisor of 1204 and n?
28
Suppose 0 = 77*h - 79*h - 2*z - 4, -2*h + 2*z + 28 = 0. Calculate the greatest common divisor of 13122 and h.
6
Suppose -23*j - 639 + 731 = 0. Calculate the greatest common factor of 892 and j.
4
Let k be 171/5 + 80/500*5. Suppose 210 = 5*r - 0*r. What is the highest common factor of k and r?
7
Let q(o) = o**3 - 12*o**2 - 110*o + 14. Let d be q(19). Let h = 25 - -16. Calculate the highest common divisor of h and d.
41
Let q = 4637 - 4391. What is the highest common divisor of q and 164?
82
Let z(a) = -762*a - 868. Let r be z(-2). What is the greatest common divisor of r and 96?
16
Let i(y) = y - 2*y**3 - 6*y**2 - 51 + 2*y + 3*y + 56. Let x be i(-4). What is the highest common divisor of x and 26?
13
Suppose 2*d = 6*d - 104. Suppose -s + d = -2*i + 5*i, 0 = 5*s + i - 60. Let j = s - 1. What is the greatest common factor of 4 and j?
2
Suppose 14*p - 58 - 40 = 0. Let c(o) = -o**2 - 4*o + 5. Let i be c(-4). Suppose i*k = p*k - 54. Calculate the greatest common factor of k and 3.
3
Suppose 5*w - 970 = -3*n, -4*n + 9*n - 1610 = -5*w. Let l = -304 + n. What is the greatest common factor of 68 and l?
4
Suppose 38*t = 44*t - 4824. Let x = -629 + t. Calculate the greatest common factor of x and 200.
25
Let n(g) = -4*g**3 - g**2 + 10*g + 40. Let c be n(-7). Suppose -8*f - 6*y = -13*f + c, 1038 = 4*f - 3*y. What is the highest common factor of f and 29?
29
Let p(z) = -z**3 + 15*z**2 - 12*z - 14. Let f = 170 + -156. Let o be p(f). Calculate the highest common factor of 21 and o.
7
Let h(l) = -2*l**3 + 61*l**2 + 31*l + 33. Let k be h(31). Calculate the greatest common divisor of 78